{"id":10776,"date":"2025-12-12T22:50:15","date_gmt":"2025-12-12T21:50:15","guid":{"rendered":"https:\/\/info.biofabmed.com\/?post_type=product&#038;p=10776"},"modified":"2025-12-15T22:33:31","modified_gmt":"2025-12-15T21:33:31","slug":"maglumi-androstenidione-502-tests-2","status":"publish","type":"product","link":"https:\/\/info.biofabmed.com\/?product=maglumi-androstenidione-502-tests-2","title":{"rendered":"MAGLUMI ANDROSTENIDIONE 50*2 TESTS"},"content":{"rendered":"<p>&#8216;<\/p>\n<p>### MAGLUMI ANDROSTENIDIONE 50*2 TESTS<\/p>\n<p>**Description du Produit**:<br \/>\nLe kit MAGLUMI Androst\u00e9nione permet la mesure quantitative des niveaux d&#8217;androst\u00e9nione dans le s\u00e9rum ou le plasma humain. L&#8217;androst\u00e9nione est une hormone st\u00e9ro\u00efde produite principalement par les glandes surr\u00e9nales et les gonades, jouant un r\u00f4le dans la r\u00e9gulation de la fonction gonadique.<\/p>\n<p>**Contenu du Kit**:<br \/>\n&#8211; **Nombre de Tests**: 50 x 2 tests.<br \/>\n&#8211; **Technologie**: M\u00e9thode immunoluminom\u00e9trique \u00e0 marqueur chimiluminescent.<\/p>\n<p>**Applications**:<br \/>\n1. **\u00c9valuation de la Fonction Gonadique**:<br \/>\n   &#8211; Mesure des niveaux d&#8217;androst\u00e9nione dans le cadre du bilan hormonal pour \u00e9valuer la fonction des glandes surr\u00e9nales et des gonades.<br \/>\n2. **Diagnostic des Troubles Endocriniens**:<br \/>\n   &#8211; Aide au diagnostic des hyperandrog\u00e9nies et des syndromes d&#8217;androg\u00e9nisation.<\/p>\n<p>**Caract\u00e9ristiques**:<br \/>\n&#8211; **Sensibilit\u00e9**: Capable de d\u00e9tecter des niveaux pr\u00e9cis d&#8217;androst\u00e9nione dans le s\u00e9rum ou le plasma.<br \/>\n&#8211; **Pr\u00e9cision**: M\u00e9thode immunoluminom\u00e9trique hautement sensible et sp\u00e9cifique.<br \/>\n&#8211; **Rapidit\u00e9**: R\u00e9sultats disponibles en quelques minutes.<\/p>\n<p>**Sp\u00e9cifications Techniques**:<br \/>\n&#8211; **\u00c9chantillon**: S\u00e9rum ou plasma humain.<br \/>\n&#8211; **Volume d&#8217;\u00c9chantillon Requis**: Selon les sp\u00e9cifications de l&#8217;analyseur MAGLUMI.<br \/>\n&#8211; **Sensibilit\u00e9 Analytique**: Capable de d\u00e9tecter des niveaux d&#8217;androst\u00e9nione aussi bas que X ng\/mL.<\/p>\n<p>**Conditions de Stockage**:<br \/>\n&#8211; **Temp\u00e9rature**: Conserver entre 2\u00b0C et 8\u00b0C.<br \/>\n&#8211; **Dur\u00e9e de Conservation**: Stabilit\u00e9 de X mois apr\u00e8s ouverture.<\/p>\n<p>**Certification et Conformit\u00e9**:<br \/>\n&#8211; **Marquage CE**: Conforme aux normes europ\u00e9ennes pour les dispositifs m\u00e9dicaux de diagnostic in vitro.<br \/>\n&#8211; **ISO 13485**: Certifi\u00e9 pour la gestion de la qualit\u00e9 dans les dispositifs m\u00e9dicaux.<\/p>\n<p>**Utilisateurs Cibles**:<br \/>\n&#8211; Endocrinologues et sp\u00e9cialistes en m\u00e9decine interne.<br \/>\n&#8211; Laboratoires d&#8217;analyses m\u00e9dicales pour les tests de d\u00e9pistage des troubles endocriniens.<\/p>\n","protected":false},"excerpt":{"rendered":"<p>&#8216; ### MAGLUMI ANDROSTENIDIONE 50*2 TESTS **Description du Produit**: Le kit MAGLUMI Androst\u00e9nione permet la mesure quantitative des niveaux d&#8217;androst\u00e9nione dans le s\u00e9rum ou le plasma humain. L&#8217;androst\u00e9nione est une hormone st\u00e9ro\u00efde produite principalement par les glandes surr\u00e9nales et les gonades, jouant un r\u00f4le dans la r\u00e9gulation de la fonction gonadique. **Contenu du Kit**: &#8211; [&hellip;]<\/p>\n","protected":false},"featured_media":10460,"comment_status":"open","ping_status":"closed","template":"","meta":[],"product_brand":[],"product_cat":[360,356,15],"product_tag":[487],"class_list":{"0":"post-10776","1":"product","2":"type-product","3":"status-publish","4":"has-post-thumbnail","6":"product_cat-hormono-immunologie-serologie","7":"product_cat-laboratoire-danalyses-medicales","8":"product_cat-non-classe","9":"product_tag-maglumi","10":"ts_product_brand-maglumi","12":"first","13":"instock","14":"shipping-taxable","15":"purchasable","16":"product-type-simple","17":"add-to-wishlist-after_add_to_cart"},"_links":{"self":[{"href":"https:\/\/info.biofabmed.com\/index.php?rest_route=\/wp\/v2\/product\/10776","targetHints":{"allow":["GET"]}}],"collection":[{"href":"https:\/\/info.biofabmed.com\/index.php?rest_route=\/wp\/v2\/product"}],"about":[{"href":"https:\/\/info.biofabmed.com\/index.php?rest_route=\/wp\/v2\/types\/product"}],"replies":[{"embeddable":true,"href":"https:\/\/info.biofabmed.com\/index.php?rest_route=%2Fwp%2Fv2%2Fcomments&post=10776"}],"wp:featuredmedia":[{"embeddable":true,"href":"https:\/\/info.biofabmed.com\/index.php?rest_route=\/wp\/v2\/media\/10460"}],"wp:attachment":[{"href":"https:\/\/info.biofabmed.com\/index.php?rest_route=%2Fwp%2Fv2%2Fmedia&parent=10776"}],"wp:term":[{"taxonomy":"product_brand","embeddable":true,"href":"https:\/\/info.biofabmed.com\/index.php?rest_route=%2Fwp%2Fv2%2Fproduct_brand&post=10776"},{"taxonomy":"product_cat","embeddable":true,"href":"https:\/\/info.biofabmed.com\/index.php?rest_route=%2Fwp%2Fv2%2Fproduct_cat&post=10776"},{"taxonomy":"product_tag","embeddable":true,"href":"https:\/\/info.biofabmed.com\/index.php?rest_route=%2Fwp%2Fv2%2Fproduct_tag&post=10776"}],"curies":[{"name":"wp","href":"https:\/\/api.w.org\/{rel}","templated":true}]}}