{"id":10784,"date":"2025-12-12T22:50:16","date_gmt":"2025-12-12T21:50:16","guid":{"rendered":"https:\/\/info.biofabmed.com\/?post_type=product&#038;p=10784"},"modified":"2025-12-15T22:33:24","modified_gmt":"2025-12-15T21:33:24","slug":"maglumi-cmv-igg-502-tests-2","status":"publish","type":"product","link":"https:\/\/info.biofabmed.com\/?product=maglumi-cmv-igg-502-tests-2","title":{"rendered":"MAGLUMI CMV IgG  50*2 TESTS"},"content":{"rendered":"<p>&#8216;<\/p>\n<p>&#8212;<\/p>\n<p>### MAGLUMI CMV IgG 50*2 TESTS<\/p>\n<p>**Description du Produit**:<br \/>\nLe kit MAGLUMI CMV IgG permet la d\u00e9tection quantitative des anticorps IgG dirig\u00e9s contre le virus de l&#8217;herp\u00e8s simplex de type 2 (CMV) dans le s\u00e9rum ou le plasma humain. La pr\u00e9sence d&#8217;IgG anti-CMV indique une exposition pass\u00e9e ou une infection active par le virus.<\/p>\n<p>**Contenu du Kit**:<br \/>\n&#8211; **Nombre de Tests**: 50*2 tests.<br \/>\n&#8211; **Technologie**: M\u00e9thode immunoluminom\u00e9trique \u00e0 marqueur chimiluminescent.<\/p>\n<p>**Applications**:<br \/>\n1. **Diagnostic de l&#8217;Infection \u00e0 CMV**:<br \/>\n   &#8211; D\u00e9termination de l&#8217;exposition pass\u00e9e au CMV.<br \/>\n   &#8211; Surveillance de l&#8217;immunit\u00e9 au CMV chez les patients immunod\u00e9prim\u00e9s.<\/p>\n<p>**Caract\u00e9ristiques**:<br \/>\n&#8211; **Sensibilit\u00e9**: Capable de d\u00e9tecter de faibles concentrations d&#8217;IgG anti-CMV.<br \/>\n&#8211; **Sp\u00e9cificit\u00e9**: M\u00e9thode hautement sp\u00e9cifique pour la d\u00e9tection des anticorps IgG anti-CMV.<br \/>\n&#8211; **Rapidit\u00e9**: R\u00e9sultats disponibles en quelques minutes.<\/p>\n<p>**Sp\u00e9cifications Techniques**:<br \/>\n&#8211; **\u00c9chantillon**: S\u00e9rum ou plasma humain.<br \/>\n&#8211; **Volume d&#8217;\u00c9chantillon Requis**: Selon les sp\u00e9cifications de l&#8217;analyseur MAGLUMI.<br \/>\n&#8211; **Sensibilit\u00e9 Analytique**: Capable de d\u00e9tecter la pr\u00e9sence d&#8217;IgG anti-CMV \u00e0 une concentration d\u00e9passant X UI\/mL.<\/p>\n<p>**Conditions de Stockage**:<br \/>\n&#8211; **Temp\u00e9rature**: Conserver entre 2\u00b0C et 8\u00b0C.<br \/>\n&#8211; **Dur\u00e9e de Conservation**: Stabilit\u00e9 de X mois apr\u00e8s ouverture.<\/p>\n<p>**Certification et Conformit\u00e9**:<br \/>\n&#8211; **Marquage CE**: Conforme aux normes europ\u00e9ennes pour les dispositifs m\u00e9dicaux de diagnostic in vitro.<br \/>\n&#8211; **ISO 13485**: Certifi\u00e9 pour la gestion de la qualit\u00e9 dans les dispositifs m\u00e9dicaux.<\/p>\n<p>**Utilisateurs Cibles**:<br \/>\n&#8211; Laboratoires d&#8217;analyses m\u00e9dicales pour le d\u00e9pistage et la surveillance des infections \u00e0 CMV.<\/p>\n<p>&#8212;<\/p>\n","protected":false},"excerpt":{"rendered":"<p>&#8216; &#8212; ### MAGLUMI CMV IgG 50*2 TESTS **Description du Produit**: Le kit MAGLUMI CMV IgG permet la d\u00e9tection quantitative des anticorps IgG dirig\u00e9s contre le virus de l&#8217;herp\u00e8s simplex de type 2 (CMV) dans le s\u00e9rum ou le plasma humain. La pr\u00e9sence d&#8217;IgG anti-CMV indique une exposition pass\u00e9e ou une infection active par le [&hellip;]<\/p>\n","protected":false},"featured_media":10460,"comment_status":"open","ping_status":"closed","template":"","meta":[],"product_brand":[],"product_cat":[15,360,356],"product_tag":[487],"class_list":{"0":"post-10784","1":"product","2":"type-product","3":"status-publish","4":"has-post-thumbnail","6":"product_cat-non-classe","7":"product_cat-hormono-immunologie-serologie","8":"product_cat-laboratoire-danalyses-medicales","9":"product_tag-maglumi","10":"ts_product_brand-maglumi","12":"first","13":"instock","14":"shipping-taxable","15":"purchasable","16":"product-type-simple","17":"add-to-wishlist-after_add_to_cart"},"_links":{"self":[{"href":"https:\/\/info.biofabmed.com\/index.php?rest_route=\/wp\/v2\/product\/10784","targetHints":{"allow":["GET"]}}],"collection":[{"href":"https:\/\/info.biofabmed.com\/index.php?rest_route=\/wp\/v2\/product"}],"about":[{"href":"https:\/\/info.biofabmed.com\/index.php?rest_route=\/wp\/v2\/types\/product"}],"replies":[{"embeddable":true,"href":"https:\/\/info.biofabmed.com\/index.php?rest_route=%2Fwp%2Fv2%2Fcomments&post=10784"}],"wp:featuredmedia":[{"embeddable":true,"href":"https:\/\/info.biofabmed.com\/index.php?rest_route=\/wp\/v2\/media\/10460"}],"wp:attachment":[{"href":"https:\/\/info.biofabmed.com\/index.php?rest_route=%2Fwp%2Fv2%2Fmedia&parent=10784"}],"wp:term":[{"taxonomy":"product_brand","embeddable":true,"href":"https:\/\/info.biofabmed.com\/index.php?rest_route=%2Fwp%2Fv2%2Fproduct_brand&post=10784"},{"taxonomy":"product_cat","embeddable":true,"href":"https:\/\/info.biofabmed.com\/index.php?rest_route=%2Fwp%2Fv2%2Fproduct_cat&post=10784"},{"taxonomy":"product_tag","embeddable":true,"href":"https:\/\/info.biofabmed.com\/index.php?rest_route=%2Fwp%2Fv2%2Fproduct_tag&post=10784"}],"curies":[{"name":"wp","href":"https:\/\/api.w.org\/{rel}","templated":true}]}}