{"id":8107,"date":"2024-04-19T16:51:28","date_gmt":"2024-04-19T14:51:28","guid":{"rendered":"https:\/\/info.biofabmed.com\/?post_type=product&#038;p=8107"},"modified":"2025-12-16T08:18:20","modified_gmt":"2025-12-16T07:18:20","slug":"uree-colorimetrique-2125-ml-biolabo","status":"publish","type":"product","link":"https:\/\/info.biofabmed.com\/?product=uree-colorimetrique-2125-ml-biolabo","title":{"rendered":"UREE COLORIMETRIQUE 2*125 ML BIOLABO"},"content":{"rendered":"<p><strong>Caract\u00e9ristiques<\/strong><br \/>\nR\u00e9actifs liquides<br \/>\nStandard inclus<br \/>\nLin\u00e9arit\u00e9 : jusqu\u2019\u00e0 2,5 g\/L (41,7 mmol\/L)<br \/>\nStabilit\u00e9 et conservation \u00e0 2-8\u00b0C :<br \/>\nAvant ouverture : 3 ans<br \/>\nR\u00e9actif de travail : 1 mois.<\/p>\n<p><strong>Principe<\/strong><br \/>\nM\u00e9thode colorim\u00e9trique et enzymatique (Ur\u00e9ase)<br \/>\nR\u00e9actif pour le dosage quantitatif de l\u2019ur\u00e9e dans le plasma et le s\u00e9rum humain, ou les urines<br \/>\nLecture en point final \u00e0 600 nm (590-610)<br \/>\nR\u00e9action en 5 minutes \u00e0 37\u00b0C<br \/>\nM\u00e9thode enzymatique et colorim\u00e9trique bas\u00e9e sur l\u2019action sp\u00e9cifique de l\u2019ur\u00e9ase qui hydrolyse l\u2019ur\u00e9e en ions ammonium et carbonate. Les ions ammonium forment ensuite avec le chlore et le salicylate un complexe color\u00e9 bleu-vert. L\u2019intensit\u00e9 de coloration, proportionnelle \u00e0 la concentration en ur\u00e9e dans le sp\u00e9cimen, est mesur\u00e9e \u00e0 600 nm.<\/p>\n","protected":false},"excerpt":{"rendered":"<p>Caract\u00e9ristiques R\u00e9actifs liquides Standard inclus Lin\u00e9arit\u00e9 : jusqu\u2019\u00e0 2,5 g\/L (41,7 mmol\/L) Stabilit\u00e9 et conservation \u00e0 2-8\u00b0C : Avant ouverture : 3 ans R\u00e9actif de travail : 1 mois. Principe M\u00e9thode colorim\u00e9trique et enzymatique (Ur\u00e9ase) R\u00e9actif pour le dosage quantitatif de l\u2019ur\u00e9e dans le plasma et le s\u00e9rum humain, ou les urines Lecture en point [&hellip;]<\/p>\n","protected":false},"featured_media":10426,"comment_status":"open","ping_status":"closed","template":"","meta":[],"product_brand":[],"product_cat":[15,358,356],"product_tag":[],"class_list":{"0":"post-8107","1":"product","2":"type-product","3":"status-publish","4":"has-post-thumbnail","6":"product_cat-non-classe","7":"product_cat-biochimie","8":"product_cat-laboratoire-danalyses-medicales","9":"ts_product_brand-biolabo","11":"first","12":"instock","13":"shipping-taxable","14":"purchasable","15":"product-type-simple","16":"add-to-wishlist-after_add_to_cart"},"_links":{"self":[{"href":"https:\/\/info.biofabmed.com\/index.php?rest_route=\/wp\/v2\/product\/8107","targetHints":{"allow":["GET"]}}],"collection":[{"href":"https:\/\/info.biofabmed.com\/index.php?rest_route=\/wp\/v2\/product"}],"about":[{"href":"https:\/\/info.biofabmed.com\/index.php?rest_route=\/wp\/v2\/types\/product"}],"replies":[{"embeddable":true,"href":"https:\/\/info.biofabmed.com\/index.php?rest_route=%2Fwp%2Fv2%2Fcomments&post=8107"}],"wp:featuredmedia":[{"embeddable":true,"href":"https:\/\/info.biofabmed.com\/index.php?rest_route=\/wp\/v2\/media\/10426"}],"wp:attachment":[{"href":"https:\/\/info.biofabmed.com\/index.php?rest_route=%2Fwp%2Fv2%2Fmedia&parent=8107"}],"wp:term":[{"taxonomy":"product_brand","embeddable":true,"href":"https:\/\/info.biofabmed.com\/index.php?rest_route=%2Fwp%2Fv2%2Fproduct_brand&post=8107"},{"taxonomy":"product_cat","embeddable":true,"href":"https:\/\/info.biofabmed.com\/index.php?rest_route=%2Fwp%2Fv2%2Fproduct_cat&post=8107"},{"taxonomy":"product_tag","embeddable":true,"href":"https:\/\/info.biofabmed.com\/index.php?rest_route=%2Fwp%2Fv2%2Fproduct_tag&post=8107"}],"curies":[{"name":"wp","href":"https:\/\/api.w.org\/{rel}","templated":true}]}}